04, 6 = x + 5*f - 40. Suppose -3*r = 3*b - 54, -5*r - 18 = 2*b - 105. What is the highest common divisor of x and r?
17
Let j = 53 + -27. Suppose 3 = 2*x - 5*y, -4*x + j = -y - 7. What is the highest common factor of 9 and x?
9
Let q be (-17)/(-119) + (-83)/(-7). Let v(a) = a - 2. Let g be v(5). Suppose t - 96 = -g*t. Calculate the highest common factor of t and q.
12
Suppose 2*t - 607 + 573 = 0. Let o(f) = -25*f + 3. Let m be o(-6). What is the greatest common factor of m and t?
17
Let n(v) = -v + 7. Let g be n(7). Suppose 96 = 4*k - g*k. Let q = -13 + k. What is the greatest common divisor of q and 55?
11
Suppose 4*z - 4 = -0*m - 2*m, -2*m - 5*z = 1. Let d(g) = 2*g - 1. Let l be d(1). Let c be l/(-2 + (-217)/(-108)). What is the greatest common factor of m and c?
12
Suppose 4*m = 4*w + 44, -2*m + 2*w = 4*w - 14. Let x be (72/(-10))/(5/(-125)*2). What is the highest common factor of x and m?
9
Let x(m) = 2*m**2 + 2*m + 1. Let q be x(6). Let y(o) = -o + 29. Let i be y(12). Calculate the greatest common divisor of q and i.
17
Let m = -75 + 105. Calculate the greatest common factor of m and 45.
15
Let s(h) = h**3 + 8*h**2 - 5. Let k be s(-5). Let n(w) = w**2 - 3*w**2 - 1 + 8*w + w**2. Let r be n(5). What is the highest common factor of k and r?
14
Suppose -d - 40 = 3*d. Let l(u) = -u - 2. Let x be l(d). What is the greatest common factor of 12 and x?
4
Let t = 22 - 15. Suppose -t = 2*x - 47. What is the highest common divisor of x and 160?
20
Let i = 184 - 131. Let m = -36 + i. What is the highest common divisor of m and 119?
17
Suppose 32 = 4*m - 12. Suppose 12 = -4*p, -y - p = 2*p + 19. Let j be -1*(-1 + 0) - y. What is the highest common factor of m and j?
11
Let u be 11 - (-2 - -1 - -4). Suppose -2*b + 5*c = -12, u*c - 4*c - 18 = -3*b. Let l = b - 1. Calculate the highest common factor of l and 45.
5
Let z = 16 + -10. Let o = -1 + z. Suppose -o*g + 20 = -30. Calculate the greatest common factor of g and 90.
10
Let a(r) = -r**3 - 7*r**2 - 8*r - 6. Let b be a(-7). Calculate the highest common divisor of b and 75.
25
Let m be -2*4/8 + 3. Suppose 2*i = 2*c, -2*i - m*c + 24 = 2*i. Calculate the greatest common divisor of 40 and i.
4
Let w be -1 - 5/((-20)/364). Calculate the greatest common divisor of 18 and w.
18
Suppose 5*t - 14 = 4*t + k, t = -k + 10. Let v be (1*-6)/((-1)/16). Calculate the highest common factor of v and t.
12
Let c be (3860/15)/4 - (-1)/(-3). Calculate the greatest common divisor of 4 and c.
4
Let y = -3 - -9. Suppose 2*w = -3*d + 7*w + y, 2 = d + w. Calculate the highest common divisor of d and 1.
1
Suppose -490 = -2*l - l + x, 0 = 4*l - 4*x - 648. Calculate the greatest common factor of 41 and l.
41
Let n(g) = -5 - g + g - 8*g - g**3 - 8*g**2. Let h be n(-7). What is the greatest common factor of h and 22?
2
Let s(z) = -3*z - 55. Let t be s(-20). What is the greatest common factor of 20 and t?
5
Let a = 28 - 16. What is the highest common divisor of a and 12?
12
Let p = 9 - 4. Suppose p*c + 18 + 2 = 2*b, 2*c = b - 8. Let j be (b - -1)/((-1)/(-6)). Calculate the highest common factor of 6 and j.
6
Let h(q) = 2*q**2 + 5*q + 1. Let o be h(-4). Let m = o + -3. Let g = -6 - -10. What is the highest common factor of m and g?
2
Suppose 2*g = -d + 2*d - 6, -30 = -d - 4*g. Let j = -48 - -90. What is the highest common factor of j and d?
14
Suppose -4*x + 3*l + 6 = -12, -2*x + 4*l + 14 = 0. Let g(d) = x*d - d**2 - 1 + 3*d**2 + d**2. Let r be g(-4). Calculate the greatest common factor of 5 and r.
5
Suppose 4*o - 4*z - 16 = 0, -2*o = -5*o + 5*z + 16. Suppose o*f = f + 13. What is the highest common factor of f and 26?
13
Suppose x + 4*x - 675 = 0. What is the highest common divisor of 15 and x?
15
Let s(p) = -p**2 + 4*p + 79. Let k be s(11). Calculate the highest common factor of 2 and k.
2
Let a = -52 + 120. Calculate the greatest common divisor of a and 17.
17
Suppose -2*k + 236 = -4*p, p = -5*k + 698 - 141. Calculate the greatest common factor of 16 and k.
16
Suppose 0 = -5*c - 3*a + 136, -4*c + 3*c + 2*a + 22 = 0. Let u = -13 - -26. What is the highest common factor of u and c?
13
Let l(q) = q - 11. Let u be l(7). Let m be (-42)/u - (-6)/(-12). Calculate the greatest common factor of 10 and m.
10
Suppose -4*s + 127 = s + 2*k, -4*s + 3*k = -97. What is the greatest common factor of 5 and s?
5
Suppose 0 = -6*l + 30 - 12. Calculate the greatest common divisor of l and 9.
3
Let g(h) = 9*h**2 + 7*h + 12. Let l be g(-2). What is the greatest common factor of 68 and l?
34
Let q(m) = 2*m - 8. Let k be q(6). Let g(z) = -z**2 + 11*z - 6. Let p be g(8). Suppose -p - 46 = -k*u. What is the highest common factor of u and 80?
16
Let y = -4 - 1. Let b = y - -25. Calculate the greatest common factor of 20 and b.
20
Suppose 0 = 9*i - 10*i + 7. Calculate the highest common factor of 49 and i.
7
Let f(d) = 160*d. Suppose -3 = 4*m - 11. Suppose -7*q + 2*q + 5 = 0, -4*x + 2*q + m = 0. Let a be f(x). Calculate the highest common factor of a and 20.
20
Suppose 5*y - 5*k = 0, 5*y - 11 = -k + 7. Let c = -12 + y. Let v = c - -18. What is the highest common factor of 9 and v?
9
Let b(g) = -g**3 + g + 35. Let d be b(0). Calculate the greatest common divisor of d and 245.
35
Let i(f) = 127*f + 1. Let c be i(1). Let u = -12 + 20. Suppose 72 = 5*g - u. Calculate the greatest common divisor of c and g.
16
Let t(r) = -r**3 - 2*r**2 + 4*r + 3. Let i be t(-3). Let p = 5 + i. What is the greatest common divisor of p and 2?
1
Suppose 0*j - 9 = -3*j + 5*b, -3*j - 2*b = -9. Suppose n = -r - 1 + 4, -4*n + j*r = -12. What is the greatest common divisor of 27 and n?
3
Suppose g = -4*m + 63, -3*g - 8 = 7. What is the greatest common divisor of 153 and m?
17
Let h = 23 - -5. What is the greatest common divisor of 70 and h?
14
Let c be 36/16 - 1/4. Suppose 20 = c*k - k. Calculate the highest common divisor of 4 and k.
4
Let d = 7 - 16. Let t(g) = -g. Let z(u) = -2*u - 1. Let a(q) = d*t(q) + 4*z(q). Let h be a(7). Calculate the greatest common divisor of 24 and h.
3
Let w be (-5)/(2 - 1)*-1. Suppose -w*q + 26 + 24 = 0. Calculate the highest common factor of 80 and q.
10
Let c be (-13)/(-13) - (-87 - (-1 + 0)). Calculate the greatest common factor of 29 and c.
29
Let u(x) = -x**3 - 2*x - 1. Let j be u(-1). Suppose i + 0*i + 7 = 5*c, 2*c = j*i - 2. Calculate the greatest common divisor of c and 2.
2
Suppose 15*q - 10 = 620. Calculate the greatest common factor of q and 6.
6
Suppose -j - 21 = -y, 3*j + 44 = 2*y + 2*j. What is the greatest common divisor of y and 46?
23
Suppose 11 = 3*g - 2*g. What is the greatest common factor of 121 and g?
11
Suppose -2*m = -g + 3*m - 13, -5*g + 35 = -5*m. Suppose 3*z = 36 - g. What is the highest common divisor of 40 and z?
8
Let z = 1 - 2. Let m be ((-3)/(-5) + z)*-30. Suppose 0 = 3*a - 4*a + m. What is the greatest common factor of 8 and a?
4
Suppose -2*k - 204 - 72 = 0. Let o = -272 - k. Let i = 211 + o. Calculate the greatest common divisor of 7 and i.
7
Let d = -4 + 17. What is the highest common divisor of 117 and d?
13
Let c(u) = 2*u**2 + 2*u - 4. Let q be c(3). Calculate the highest common factor of 5 and q.
5
Let l(z) = 24*z + 1. Let u be l(2). Suppose 0 = -0*y - 3*y + 15. Suppose 4*m = -4*w + 44, -14 - 9 = -y*m + 3*w. What is the highest common divisor of m and u?
7
Suppose -3*t + 3 = -a, -4 = 3*t - 4*t. Let l = 5 + a. What is the highest common factor of l and 126?
14
Let q = -40 + 88. Suppose 3*n - q = -n. Let b(p) = -5*p**3 - 5*p**2 - p + 3. Let g be b(-3). Calculate the highest common factor of n and g.
12
Suppose 4*h - 99 = 57. Suppose -4*m = -g + 17, 3 + 20 = 2*g + 3*m. What is the greatest common divisor of h and g?
13
Suppose -20*o - 160 = -24*o. What is the greatest common factor of o and 24?
8
Let l be 6/(-21) + 46/14. Let n be ((-138)/9)/((-2)/(-6)). Let c = n + 70. What is the highest common divisor of l and c?
3
Let c = 19 + 8. What is the greatest common factor of 3 and c?
3
Suppose v = 4*s - 4, s = 5*v - 0 + 1. Let w(r) = -r**2 - r + 70. Let n be w(v). What is the greatest common factor of 14 and n?
14
Suppose 2*o = -5*l + 19 - 3, o + 5*l = 8. Suppose 7*w = 5*w - o. Let t be 1 - (3 + w - 15). Calculate the greatest common divisor of t and 153.
17
Let l = 5 - -10. Calculate the greatest common divisor of l and 3.
